{"id":664,"date":"2024-10-29T14:09:22","date_gmt":"2024-10-29T14:09:22","guid":{"rendered":"https:\/\/curaieren.ch\/?page_id=664"},"modified":"2026-04-26T13:59:33","modified_gmt":"2026-04-26T13:59:33","slug":"portrait","status":"publish","type":"page","link":"https:\/\/curaieren.ch\/?page_id=664","title":{"rendered":"\u00fcber mich"},"content":{"rendered":"\t\t<div data-elementor-type=\"wp-page\" data-elementor-id=\"664\" class=\"elementor elementor-664\">\n\t\t\t\t\t\t\t\t\t<section class=\"elementor-section elementor-top-section elementor-element elementor-element-9de884d elementor-section-boxed elementor-section-height-default elementor-section-height-default\" data-id=\"9de884d\" data-element_type=\"section\">\n\t\t\t\t\t\t<div class=\"elementor-container elementor-column-gap-default\">\n\t\t\t\t\t<div class=\"elementor-column elementor-col-50 elementor-top-column elementor-element elementor-element-d3f9282\" data-id=\"d3f9282\" data-element_type=\"column\">\n\t\t\t<div class=\"elementor-widget-wrap elementor-element-populated\">\n\t\t\t\t\t\t\t\t<div class=\"elementor-element elementor-element-6dabe26 elementor-widget elementor-widget-text-editor\" data-id=\"6dabe26\" data-element_type=\"widget\" data-widget_type=\"text-editor.default\">\n\t\t\t\t<div class=\"elementor-widget-container\">\n\t\t\t<style>\/*! elementor - v3.14.0 - 26-06-2023 *\/\n.elementor-widget-text-editor.elementor-drop-cap-view-stacked .elementor-drop-cap{background-color:#69727d;color:#fff}.elementor-widget-text-editor.elementor-drop-cap-view-framed .elementor-drop-cap{color:#69727d;border:3px solid;background-color:transparent}.elementor-widget-text-editor:not(.elementor-drop-cap-view-default) .elementor-drop-cap{margin-top:8px}.elementor-widget-text-editor:not(.elementor-drop-cap-view-default) .elementor-drop-cap-letter{width:1em;height:1em}.elementor-widget-text-editor .elementor-drop-cap{float:left;text-align:center;line-height:1;font-size:50px}.elementor-widget-text-editor .elementor-drop-cap-letter{display:inline-block}<\/style>\t\t\t\t\t\t\t\t\t\t<\/div>\n\t\t\t\t<\/div>\n\t\t\t\t\t<\/div>\n\t\t<\/div>\n\t\t\t\t<div class=\"elementor-column elementor-col-50 elementor-top-column elementor-element elementor-element-39b6216\" data-id=\"39b6216\" data-element_type=\"column\">\n\t\t\t<div class=\"elementor-widget-wrap elementor-element-populated\">\n\t\t\t\t\t\t\t\t<div class=\"elementor-element elementor-element-dd85b1b elementor-widget elementor-widget-text-editor\" data-id=\"dd85b1b\" data-element_type=\"widget\" data-widget_type=\"text-editor.default\">\n\t\t\t\t<div class=\"elementor-widget-container\">\n\t\t\t\t\t\t\t\t\t\t\t\t\t<\/div>\n\t\t\t\t<\/div>\n\t\t\t\t\t<\/div>\n\t\t<\/div>\n\t\t\t\t\t\t\t<\/div>\n\t\t<\/section>\n\t\t\t\t<section class=\"elementor-section elementor-top-section elementor-element elementor-element-0ebe8e1 elementor-section-boxed elementor-section-height-default elementor-section-height-default\" data-id=\"0ebe8e1\" data-element_type=\"section\">\n\t\t\t\t\t\t<div class=\"elementor-container elementor-column-gap-default\">\n\t\t\t\t\t<div class=\"elementor-column elementor-col-50 elementor-top-column elementor-element elementor-element-d22a932\" data-id=\"d22a932\" data-element_type=\"column\">\n\t\t\t<div class=\"elementor-widget-wrap elementor-element-populated\">\n\t\t\t\t\t\t\t\t<div class=\"elementor-element elementor-element-6ffd731 elementor-widget elementor-widget-image\" data-id=\"6ffd731\" data-element_type=\"widget\" data-widget_type=\"image.default\">\n\t\t\t\t<div class=\"elementor-widget-container\">\n\t\t\t<style>\/*! elementor - v3.14.0 - 26-06-2023 *\/\n.elementor-widget-image{text-align:center}.elementor-widget-image a{display:inline-block}.elementor-widget-image a img[src$=\".svg\"]{width:48px}.elementor-widget-image img{vertical-align:middle;display:inline-block}<\/style>\t\t\t\t\t\t\t\t\t\t\t\t<img loading=\"lazy\" decoding=\"async\" width=\"819\" height=\"1024\" src=\"https:\/\/curaieren.ch\/wp-content\/uploads\/2026\/01\/UeBER-mICH-2-819x1024.jpg\" class=\"attachment-large size-large wp-image-1089\" alt=\"\" srcset=\"https:\/\/curaieren.ch\/wp-content\/uploads\/2026\/01\/UeBER-mICH-2-819x1024.jpg 819w, https:\/\/curaieren.ch\/wp-content\/uploads\/2026\/01\/UeBER-mICH-2-240x300.jpg 240w, https:\/\/curaieren.ch\/wp-content\/uploads\/2026\/01\/UeBER-mICH-2-768x960.jpg 768w, https:\/\/curaieren.ch\/wp-content\/uploads\/2026\/01\/UeBER-mICH-2-1229x1536.jpg 1229w, https:\/\/curaieren.ch\/wp-content\/uploads\/2026\/01\/UeBER-mICH-2-1638x2048.jpg 1638w, https:\/\/curaieren.ch\/wp-content\/uploads\/2026\/01\/UeBER-mICH-2-scaled.jpg 2048w\" sizes=\"auto, (max-width: 819px) 100vw, 819px\" \/>\t\t\t\t\t\t\t\t\t\t\t\t\t\t\t<\/div>\n\t\t\t\t<\/div>\n\t\t\t\t\t<\/div>\n\t\t<\/div>\n\t\t\t\t<div class=\"elementor-column elementor-col-50 elementor-top-column elementor-element elementor-element-a995aee\" data-id=\"a995aee\" data-element_type=\"column\">\n\t\t\t<div class=\"elementor-widget-wrap elementor-element-populated\">\n\t\t\t\t\t\t\t\t<div class=\"elementor-element elementor-element-677fb6d elementor-widget elementor-widget-text-editor\" data-id=\"677fb6d\" data-element_type=\"widget\" data-widget_type=\"text-editor.default\">\n\t\t\t\t<div class=\"elementor-widget-container\">\n\t\t\t\t\t\t\t<p>Ich bin 2006 in Sutz geboren. <br \/>Nach nicht ganz einem Jahr in der \u00f6ffentlichen Schule, f\u00fcnf Jahren in der Rudolf Steiner Schule und ein wenig mehr als drei Jahren im Homeschooling,<br \/>startete ich mit dem 3. Bildungsweg time4 <a href=\"http:\/\/www.time4.ch\">(time4.ch)<\/a> , befasste mich intensiv mit dem Thema &#8222;Wohlf\u00fchlen&#8220; und schuf CURAIEREN.<\/p><p>Weiterbildungen und Kurse:\u00a0<br \/>2023 stroba Kalk &#8211; und Lehm-\u00a0 Workshop<br \/>2026 Kurs &#8222;Gesunde Kreislaufwirtschaft mit Naturbaustoffen&#8220; bei Naturbaustoffhaus GmbH<br \/>2026 Kurs &#8222;Nachhaltiges Bauen und ihre Anwendungen aus der Praxis&#8220; bei Naturbaustoffhaus GmbH<\/p>\t\t\t\t\t\t<\/div>\n\t\t\t\t<\/div>\n\t\t\t\t<div class=\"elementor-element elementor-element-149101d elementor-widget elementor-widget-text-editor\" data-id=\"149101d\" data-element_type=\"widget\" data-widget_type=\"text-editor.default\">\n\t\t\t\t<div class=\"elementor-widget-container\">\n\t\t\t\t\t\t\t<p>In meinem Fokus und somit auch im Fokus von CURAIEREN <br \/>steht das Wohlbefinden.\u00a0<br \/>Alle Angebote und Projekte, die von CURAIEREN gestartet und umgesetzt werden <span style=\"font-size: 16px;\">dienen dazu, das Wohlbefinden zu f\u00f6rdern.\u00a0<br \/><br \/><\/span>Mich wohlzuf\u00fchlen bedeutet f\u00fcr mich vollkommen im Jetzt zu sein.<br \/><span style=\"font-style: inherit; font-weight: inherit;\">Mich wohlzuf\u00fchlen bedeutet f\u00fcr mich innerer Frieden.<br \/><\/span><span style=\"font-style: inherit; font-weight: inherit;\">Mich wohlzuf\u00fchlen bedeutet f\u00fcr mich Gesundheit.<br \/><\/span><span style=\"font-style: inherit; font-weight: inherit;\">Mich wohlzuf\u00fchlen bedeutet f\u00fcr mich Zufriedenheit.<br \/><\/span><span style=\"font-style: inherit; font-weight: inherit;\">Mich wohlzuf\u00fchlen bedeutet f\u00fcr mich vollkommene Liebe zu sp\u00fcren.<br \/><\/span><span style=\"font-style: inherit; font-weight: inherit;\">Mich wohlzuf\u00fchlen bedeutet f\u00fcr mich Gl\u00fcckseeligkeit.\u00a0<br \/><\/span><span style=\"font-style: inherit; font-weight: inherit;\">Mich wohlzuf\u00fchlen bedeutet f\u00fcr mich Vertrauen.<br \/><\/span><span style=\"font-style: inherit; font-weight: inherit;\">Mich wohlzuf\u00fchlen bedeutet f\u00fcr mich mich in meinem K\u00f6rper wohlzuf\u00fchlen.<br \/><\/span><span style=\"font-style: inherit; font-weight: inherit;\">Mich wohlzuf\u00fchlen bedeutet f\u00fcr mich unendliche Lebenskraft.<br \/><\/span><span style=\"font-style: inherit; font-weight: inherit;\">Mich wohlzuf\u00fchlen bedeutet f\u00fcr mich\u00a0 Dankbarkeit.<br \/><\/span><span style=\"font-style: inherit; font-weight: inherit;\">Mich wohlzuf\u00fchlen bedeutet f\u00fcr mich Erfolg.<\/span><\/p>\t\t\t\t\t\t<\/div>\n\t\t\t\t<\/div>\n\t\t\t\t\t<\/div>\n\t\t<\/div>\n\t\t\t\t\t\t\t<\/div>\n\t\t<\/section>\n\t\t\t\t\t\t\t<\/div>\n\t\t","protected":false},"excerpt":{"rendered":"<p>Ich bin 2006 in Sutz geboren. Nach nicht ganz einem Jahr in der \u00f6ffentlichen Schule, f\u00fcnf Jahren in der Rudolf Steiner Schule und ein wenig mehr als drei Jahren im Homeschooling,startete ich mit dem 3. Bildungsweg time4 (time4.ch) , befasste mich intensiv mit dem Thema &#8222;Wohlf\u00fchlen&#8220; und schuf CURAIEREN. Weiterbildungen und Kurse:\u00a02023 stroba Kalk &#8211; &hellip;<\/p>\n<p class=\"read-more\"> <a class=\"\" href=\"https:\/\/curaieren.ch\/?page_id=664\"> <span class=\"screen-reader-text\">\u00fcber mich<\/span> Weiterlesen &raquo;<\/a><\/p>\n","protected":false},"author":1,"featured_media":0,"parent":0,"menu_order":0,"comment_status":"closed","ping_status":"closed","template":"","meta":{"_uag_custom_page_level_css":"","site-sidebar-layout":"no-sidebar","site-content-layout":"page-builder","ast-global-header-display":"","ast-banner-title-visibility":"","ast-main-header-display":"","ast-hfb-above-header-display":"","ast-hfb-below-header-display":"","ast-hfb-mobile-header-display":"","site-post-title":"disabled","ast-breadcrumbs-content":"","ast-featured-img":"disabled","footer-sml-layout":"","theme-transparent-header-meta":"default","adv-header-id-meta":"","stick-header-meta":"","header-above-stick-meta":"","header-main-stick-meta":"","header-below-stick-meta":"","footnotes":""},"class_list":["post-664","page","type-page","status-publish","hentry"],"uagb_featured_image_src":{"full":false,"thumbnail":false,"medium":false,"medium_large":false,"large":false,"1536x1536":false,"2048x2048":false},"uagb_author_info":{"display_name":"Cura","author_link":"https:\/\/curaieren.ch\/?author=1"},"uagb_comment_info":0,"uagb_excerpt":"Ich bin 2006 in Sutz geboren. Nach nicht ganz einem Jahr in der \u00f6ffentlichen Schule, f\u00fcnf Jahren in der Rudolf Steiner Schule und ein wenig mehr als drei Jahren im Homeschooling,startete ich mit dem 3. Bildungsweg time4 (time4.ch) , befasste mich intensiv mit dem Thema &#8222;Wohlf\u00fchlen&#8220; und schuf CURAIEREN. Weiterbildungen und Kurse:\u00a02023 stroba Kalk &#8211;&hellip;","_links":{"self":[{"href":"https:\/\/curaieren.ch\/index.php?rest_route=\/wp\/v2\/pages\/664","targetHints":{"allow":["GET"]}}],"collection":[{"href":"https:\/\/curaieren.ch\/index.php?rest_route=\/wp\/v2\/pages"}],"about":[{"href":"https:\/\/curaieren.ch\/index.php?rest_route=\/wp\/v2\/types\/page"}],"author":[{"embeddable":true,"href":"https:\/\/curaieren.ch\/index.php?rest_route=\/wp\/v2\/users\/1"}],"replies":[{"embeddable":true,"href":"https:\/\/curaieren.ch\/index.php?rest_route=%2Fwp%2Fv2%2Fcomments&post=664"}],"version-history":[{"count":55,"href":"https:\/\/curaieren.ch\/index.php?rest_route=\/wp\/v2\/pages\/664\/revisions"}],"predecessor-version":[{"id":1133,"href":"https:\/\/curaieren.ch\/index.php?rest_route=\/wp\/v2\/pages\/664\/revisions\/1133"}],"wp:attachment":[{"href":"https:\/\/curaieren.ch\/index.php?rest_route=%2Fwp%2Fv2%2Fmedia&parent=664"}],"curies":[{"name":"wp","href":"https:\/\/api.w.org\/{rel}","templated":true}]}}

über mich

<div data-elementor-type="wp-page" data-elementor-id="664" class="elementor elementor-664">
									<section class="elementor-section elementor-top-section elementor-element elementor-element-9de884d elementor-section-boxed elementor-section-height-default elementor-section-height-default" data-id="9de884d" data-element_type="section">
						<div class="elementor-container elementor-column-gap-default">
					<div class="elementor-column elementor-col-50 elementor-top-column elementor-element elementor-element-d3f9282" data-id="d3f9282" data-element_type="column">
			<div class="elementor-widget-wrap elementor-element-populated">
								<div class="elementor-element elementor-element-6dabe26 elementor-widget elementor-widget-text-editor" data-id="6dabe26" data-element_type="widget" data-widget_type="text-editor.default">
				<div class="elementor-widget-container">
			<style>/*! elementor - v3.14.0 - 26-06-2023 */
.elementor-widget-text-editor.elementor-drop-cap-view-stacked .elementor-drop-cap{background-color:#69727d;color:#fff}.elementor-widget-text-editor.elementor-drop-cap-view-framed .elementor-drop-cap{color:#69727d;border:3px solid;background-color:transparent}.elementor-widget-text-editor:not(.elementor-drop-cap-view-default) .elementor-drop-cap{margin-top:8px}.elementor-widget-text-editor:not(.elementor-drop-cap-view-default) .elementor-drop-cap-letter{width:1em;height:1em}.elementor-widget-text-editor .elementor-drop-cap{float:left;text-align:center;line-height:1;font-size:50px}.elementor-widget-text-editor .elementor-drop-cap-letter{display:inline-block}</style>										</div>
				</div>
					</div>
		</div>
				<div class="elementor-column elementor-col-50 elementor-top-column elementor-element elementor-element-39b6216" data-id="39b6216" data-element_type="column">
			<div class="elementor-widget-wrap elementor-element-populated">
								<div class="elementor-element elementor-element-dd85b1b elementor-widget elementor-widget-text-editor" data-id="dd85b1b" data-element_type="widget" data-widget_type="text-editor.default">
				<div class="elementor-widget-container">
													</div>
				</div>
					</div>
		</div>
							</div>
		</section>
				<section class="elementor-section elementor-top-section elementor-element elementor-element-0ebe8e1 elementor-section-boxed elementor-section-height-default elementor-section-height-default" data-id="0ebe8e1" data-element_type="section">
						<div class="elementor-container elementor-column-gap-default">
					<div class="elementor-column elementor-col-50 elementor-top-column elementor-element elementor-element-d22a932" data-id="d22a932" data-element_type="column">
			<div class="elementor-widget-wrap elementor-element-populated">
								<div class="elementor-element elementor-element-6ffd731 elementor-widget elementor-widget-image" data-id="6ffd731" data-element_type="widget" data-widget_type="image.default">
				<div class="elementor-widget-container">
			<style>/*! elementor - v3.14.0 - 26-06-2023 */
.elementor-widget-image{text-align:center}.elementor-widget-image a{display:inline-block}.elementor-widget-image a img[src$=".svg"]{width:48px}.elementor-widget-image img{vertical-align:middle;display:inline-block}</style>												<img loading="lazy" decoding="async" width="819" height="1024" src="https://curaieren.ch/wp-content/uploads/2026/01/UeBER-mICH-2-819x1024.jpg" class="attachment-large size-large wp-image-1089" alt="" srcset="https://curaieren.ch/wp-content/uploads/2026/01/UeBER-mICH-2-819x1024.jpg 819w, https://curaieren.ch/wp-content/uploads/2026/01/UeBER-mICH-2-240x300.jpg 240w, https://curaieren.ch/wp-content/uploads/2026/01/UeBER-mICH-2-768x960.jpg 768w, https://curaieren.ch/wp-content/uploads/2026/01/UeBER-mICH-2-1229x1536.jpg 1229w, https://curaieren.ch/wp-content/uploads/2026/01/UeBER-mICH-2-1638x2048.jpg 1638w, https://curaieren.ch/wp-content/uploads/2026/01/UeBER-mICH-2-scaled.jpg 2048w" sizes="auto, (max-width: 819px) 100vw, 819px" />															</div>
				</div>
					</div>
		</div>
				<div class="elementor-column elementor-col-50 elementor-top-column elementor-element elementor-element-a995aee" data-id="a995aee" data-element_type="column">
			<div class="elementor-widget-wrap elementor-element-populated">
								<div class="elementor-element elementor-element-677fb6d elementor-widget elementor-widget-text-editor" data-id="677fb6d" data-element_type="widget" data-widget_type="text-editor.default">
				<div class="elementor-widget-container">
							<p>Ich bin 2006 in Sutz geboren. <br />Nach nicht ganz einem Jahr in der öffentlichen Schule, fünf Jahren in der Rudolf Steiner Schule und ein wenig mehr als drei Jahren im Homeschooling,<br />startete ich mit dem 3. Bildungsweg time4 <a href="http://www.time4.ch">(time4.ch)</a> , befasste mich intensiv mit dem Thema &#8222;Wohlfühlen&#8220; und schuf CURAIEREN.</p><p>Weiterbildungen und Kurse: <br />2023 stroba Kalk &#8211; und Lehm-  Workshop<br />2026 Kurs &#8222;Gesunde Kreislaufwirtschaft mit Naturbaustoffen&#8220; bei Naturbaustoffhaus GmbH<br />2026 Kurs &#8222;Nachhaltiges Bauen und ihre Anwendungen aus der Praxis&#8220; bei Naturbaustoffhaus GmbH</p>						</div>
				</div>
				<div class="elementor-element elementor-element-149101d elementor-widget elementor-widget-text-editor" data-id="149101d" data-element_type="widget" data-widget_type="text-editor.default">
				<div class="elementor-widget-container">
							<p>In meinem Fokus und somit auch im Fokus von CURAIEREN <br />steht das Wohlbefinden. <br />Alle Angebote und Projekte, die von CURAIEREN gestartet und umgesetzt werden <span style="font-size: 16px;">dienen dazu, das Wohlbefinden zu fördern. <br /><br /></span>Mich wohlzufühlen bedeutet für mich vollkommen im Jetzt zu sein.<br /><span style="font-style: inherit; font-weight: inherit;">Mich wohlzufühlen bedeutet für mich innerer Frieden.<br /></span><span style="font-style: inherit; font-weight: inherit;">Mich wohlzufühlen bedeutet für mich Gesundheit.<br /></span><span style="font-style: inherit; font-weight: inherit;">Mich wohlzufühlen bedeutet für mich Zufriedenheit.<br /></span><span style="font-style: inherit; font-weight: inherit;">Mich wohlzufühlen bedeutet für mich vollkommene Liebe zu spüren.<br /></span><span style="font-style: inherit; font-weight: inherit;">Mich wohlzufühlen bedeutet für mich Glückseeligkeit. <br /></span><span style="font-style: inherit; font-weight: inherit;">Mich wohlzufühlen bedeutet für mich Vertrauen.<br /></span><span style="font-style: inherit; font-weight: inherit;">Mich wohlzufühlen bedeutet für mich mich in meinem Körper wohlzufühlen.<br /></span><span style="font-style: inherit; font-weight: inherit;">Mich wohlzufühlen bedeutet für mich unendliche Lebenskraft.<br /></span><span style="font-style: inherit; font-weight: inherit;">Mich wohlzufühlen bedeutet für mich  Dankbarkeit.<br /></span><span style="font-style: inherit; font-weight: inherit;">Mich wohlzufühlen bedeutet für mich Erfolg.</span></p>						</div>
				</div>
					</div>
		</div>
							</div>
		</section>
							</div>

<p>Ich bin 2006 in Sutz geboren. Nach nicht ganz einem Jahr in der öffentlichen Schule, fünf Jahren in der Rudolf Steiner Schule und ein wenig mehr als drei Jahren im Homeschooling,startete ich mit dem 3. Bildungsweg time4 (time4.ch) , befasste mich intensiv mit dem Thema &#8222;Wohlfühlen&#8220; und schuf CURAIEREN. Weiterbildungen und Kurse: 2023 stroba Kalk &#8211; &hellip;</p>
<p class="read-more"> <a class="" href="https://curaieren.ch/?page_id=664"> <span class="screen-reader-text">über mich</span> Weiterlesen &raquo;</a></p>

Ich bin 2006 in Sutz geboren. Nach nicht ganz einem Jahr in der öffentlichen Schule, fünf Jahren in der Rudolf Steiner Schule und ein wenig mehr als drei Jahren im Homeschooling,startete ich mit dem 3. Bildungsweg time4 (time4.ch) , befasste mich intensiv mit dem Thema &#8222;Wohlfühlen&#8220; und schuf CURAIEREN. Weiterbildungen und Kurse: 2023 stroba Kalk &#8211;&hellip;
